nder when 79 is divided by l?
19
Suppose -3*v = 3*i - 426, -v - 686 = -8*i + 3*i. Calculate the remainder when i is divided by (-1)/2 + 190/4.
44
Let b = -3363 + 3375. Let j be 2 - -1 - 2/2. Suppose -35 - 33 = -j*i + f, -4*f = 5*i - 183. What is the remainder when i is divided by b?
11
What is the remainder when ((-180)/(-126))/(69/(-35) + 2) is divided by 37?
13
Let y(r) = 18*r**2 + 7*r - 6. Suppose 70 - 221 = -4*p - 5*b, 0 = -5*p + 4*b + 199. What is the remainder when y(4) is divided by p?
37
Suppose -n + 28 = 3*j - 22, -4*j + 110 = 2*n. What is the remainder when 647 is divided by n?
62
Let w(v) = -v**2 + 143*v - 2935. Let z = 7 + -2. Suppose 0 = -z*b + h - 3*h + 208, 3*b = -5*h + 121. What is the remainder when b is divided by w(25)?
12
Calculate the remainder when 497 is divided by 16/(-4) - (-18 + (-4 - 2)).
17
Suppose 3*d - 16 = -7. Suppose -5*o + o + 85 = d*l, 0 = -5*o + 20. What is the remainder when 67 is divided by l?
21
Let i(w) = -w**2 - 19*w + 53. What is the remainder when 82 is divided by i(-20)?
16
Suppose 4*h + 94 = 2*n, 5*n - 6*h = -4*h + 267. Suppose 2*z - 1 - 37 = 0. What is the remainder when n is divided by z?
17
Suppose 123 = 6*r - 9. Suppose 0*z - 4*z - 427 = 5*k, 0 = z + 3. Let a = -42 - k. Calculate the remainder when a is divided by r.
19
What is the remainder when (438/7)/(18/126) is divided by 6?
0
Let h(f) = -f + 17. Let i be h(11). Suppose 2*r - i*r = -16. Suppose c + 3*z - 6*z - 42 = 0, c - 44 = r*z. Calculate the remainder when c is divided by 19.
17
Let h(b) = b**2 + 28*b + 6. Let d be h(-28). Let t(n) = 17*n + 3. Calculate the remainder when t(d) is divided by 18.
15
Let y = 83 + -47. Suppose 2*p = y - 10. What is the remainder when 48 is divided by p?
9
Let u = -215 + 258. Calculate the remainder when 80 is divided by u.
37
Suppose 19 = m - 2. Let u = -15 + 19. Suppose o + 175 = 3*y, -u*o = 4*y - 307 + 47. Calculate the remainder when y is divided by m.
18
Suppose 0 = 3*o - 3*p - p - 1869, -o - 2*p = -633. Calculate the remainder when o is divided by 15.
12
Suppose 4*z = 15*z - 242. Suppose -2*m + 4 + 8 = 0. Calculate the remainder when z is divided by m.
4
Let z(i) = 7*i**2 - i. Suppose 2*b + 26 = 24. Calculate the remainder when z(b) is divided by 3.
2
Let b(w) = w**3 + 9*w**2 + w + 14. Let i be b(-9). Suppose i*s - 15 = 20. Calculate the remainder when s is divided by 2.
1
Suppose 393 = -25*c + 1318. What is the remainder when 105 is divided by c?
31
Let i(m) = -m**2 + 21*m - 17. Calculate the remainder when 187 is divided by i(19).
19
Suppose 1801 = 20*y + 521. Calculate the remainder when 380 is divided by y.
60
Let p(m) = m**3 - 8*m**2 - 2*m + 3. Let d be p(8). Let b = d + 16. Calculate the remainder when 5 is divided by b.
2
Suppose -5*m + 120 = -w, -55 = -8*m + 6*m - w. Calculate the remainder when 97 is divided by m.
22
Suppose 43 + 23 = 5*l - 4*z, -5 = -5*z. Let o = 7 + l. Calculate the remainder when 62 is divided by o.
20
Let n = -1457 - -1533. What is the remainder when 214 is divided by n?
62
Let n = 43 + -35. Calculate the remainder when 17 is divided by n.
1
Suppose 586 + 116 = 39*r. What is the remainder when 286 is divided by r?
16
Let a(l) = -13*l**3 + 3. Let m(n) = -9*n**3 + 2. Let g(x) = 5*a(x) - 7*m(x). What is the remainder when 14 is divided by g(-1)?
2
Let n(h) = -112*h - 363. What is the remainder when 1358 is divided by n(-4)?
83
Let q = 40 - -83. Let d(b) = 6*b + 91. What is the remainder when q is divided by d(-11)?
23
Suppose 426 = -5*p + 4*d, -d + 0*d = 5*p + 431. Let m = p - -124. Let j(t) = -21*t - 1. Calculate the remainder when m is divided by j(-1).
18
Let f(s) = 2*s**3 + 82*s - 4*s**3 - 5 - 3*s**2 - 81*s. Suppose -4*k = 5*c + 26, 2*k + 2*k + 6 = 5*c. Calculate the remainder when f(k) is divided by 18.
17
Let q(z) = -24*z + 377. What is the remainder when q(-20) is divided by 5?
2
Let z be (-10)/4*54/(-15). Let d be z/36 - 14/(-8). Suppose -4 = -d*q + 26. Calculate the remainder when 59 is divided by q.
14
Let z = -3 - -5. Suppose 11 = z*k - 1. Calculate the remainder when 39 is divided by ((-20)/k)/(4/(-24)).
19
Suppose -4*s = -0*i - i + 5, 15 = i + s. Suppose -5*u - 618 = -10*u - 2*t, -5*u + 4*t + 624 = 0. Let p = u - 62. What is the remainder when p is divided by i?
10
Let s(z) = -2*z**3 - 4*z**2 + 4*z - 2. Let i = 19 - 23. Calculate the remainder when s(i) is divided by 24.
22
Suppose -273 = -16*y + 9*y. What is the remainder when 154 is divided by y?
37
Let c(w) = -w**2 + 6*w - 1. Let d(p) = p**2 - 5*p + 1. Let l(i) = 3*c(i) + 2*d(i). Let n be l(7). What is the remainder when 19 is divided by n + 6/2 + -1?
3
Let z(o) = -3*o - 4. Let p be z(-4). Let t be (15 + 27)/(2/p). Suppose f - x - 51 = -3*x, -x + t = 3*f. What is the remainder when f is divided by 15?
12
Suppose 184 - 44 = 5*x. Suppose x = 4*y + 8. Suppose 52 = y*i - 98. Calculate the remainder when i is divided by 16.
14
Suppose 4*b = 2*p - 32, -37 = -2*p - 2*p - b. Calculate the remainder when 63 is divided by p.
3
Let o be 1/(-1*(-1)/2). Let t = -353 - -541. Suppose -2*z + 3*h + 77 = 4*h, t = 5*z - o*h. What is the remainder when z is divided by 10?
8
Let o(c) = 2*c + 21. Let u be o(-7). Suppose 52 + 46 = u*y. What is the remainder when 81 is divided by y?
11
Let b(r) = 2*r**2 + 19*r - 76. What is the remainder when b(-17) is divided by 12?
11
Suppose 2*w - 6*w = 4*r - 124, 0 = w. Let c = 682 - 562. Calculate the remainder when c is divided by r.
27
Suppose 6 = -3*v + 30. Let f = 3 + 0. Suppose 3*i + 1 = 4*q, 0 = -f*i - 2*q - 2*q + 31. What is the remainder when v is divided by i?
3
Let j(a) = 6 + a**2 - 6*a + 17 - 9. Calculate the remainder when 64 is divided by j(4).
4
Let m(a) = 5*a - 9. Let h(i) = -3*i + 6. Let t be h(0). What is the remainder when m(t) is divided by 6?
3
Let s(b) = -b**2 + 26. Suppose -2*p + 4 = -10. Suppose 5*m = p*m - 14. What is the remainder when s(0) is divided by m?
5
Let v(x) = -10*x**3 + 2*x**2 + 2*x - 1. Suppose -5*y + 3*f + 481 = 85, 5*y - 2*f - 399 = 0. Let t = -56 + y. Calculate the remainder when t is divided by v(-1).
7
Suppose 0 = 4*i - 14 + 2. Suppose 7*s - 2*s = -i*t + 198, 2*t + 92 = 2*s. What is the remainder when s is divided by 4?
2
Suppose -4*u = 5*p - 155, -3*u = -5*p + 181 + 9. Suppose -p*c = -36*c + 43. Calculate the remainder when c is divided by 9.
7
Suppose 28*c - 5325 = 3*c. Calculate the remainder when c is divided by 41.
8
Suppose -30 = -5*w + 15. Let b = 9 - w. Suppose 3*y + 5*s - 45 = b, -2*s = -s. What is the remainder when 27 is divided by y?
12
Let d(f) = f - 9. Let n be d(0). Let c = 39 + n. Suppose 26 = 3*b - o, -4*b + o + 29 = -5. What is the remainder when c is divided by b?
6
Let s = 4 + 0. Let w = 11 + -6. Suppose 4*m + 5*r - 49 - 39 = 0, 110 = w*m - r. What is the remainder when m is divided by s?
2
Suppose 619*k = 616*k + 153. What is the remainder when 659 is divided by k?
47
Suppose 4*y + 52 = -2*o, -o + 2*o = 2. Let f = -17 - y. Calculate the remainder when 15 is divided by (1/f)/(1/(-27)).
6
Let b(n) = 4*n - 41. Suppose 3*m = -9, 5*i - m = -5*m + 93. Calculate the remainder when b(i) is divided by 17.
9
Let z(b) = -12*b + 11 - 5 - 3 - 1. What is the remainder when 23 is divided by z(-1)?
9
Let i(q) = -2*q**2 - q - 2. Let v be i(-2). Calculate the remainder when (46/4)/(v/(-16)) is divided by 8.
7
Suppose 0 = 3*d + o - 160, 2*d - 2*o = 5*d - 158. Suppose -5*p - 1698 + 1730 = 2*q, 2*q - 4*p - 14 = 0. What is the remainder when d is divided by q?
10
Suppose -2489*j - 99 = -2498*j. Let o(m) = m**3 + 6*m**2 + 5. What is the remainder when o(-5) is divided by j?
8
What is the remainder when (-7)/(-28) - (-1075)/20 is divided by 39?
15
Let l(x) = 11*x. Suppose w + 7 = n + n, 32 = -4*w + 4*n. Let y = -8 - w. What is the remainder when 43 is divided by l(y)?
10
Let q = -13 + 18. Suppose -2*r - q*k + 6 = -17, 67 = 5*r + 3*k. Suppose -r = -2*m - 2. Calculate the remainder when 15 is divided by m.
3
Calculate the remainder when 5 + 51/(-9) - 4720/(-24) is divided by 116.
80
Let m = -3 - -9. Let p be -2 + 0 + 1 + 6. Suppose 8 - 53 = -p*j. Calculate the remainder when j is divided by m.
3
Let b(j) = -2*j**2 + 90*j + 107. Calculate the remainder when 25 is divided by b(46).
10
Let y be 2*58/(-12)*-3. Let g(t) = -t**3 - 7*t**2 - 4*t + 5. Let x be g(-